?
5
What is the ten thousands digit of 112563?
1
What is the ten thousands digit of 5693523?
9
What is the ten thousands digit of 32889306?
8
What is the units digit of 7964427?
7
What is the ten millions digit of 20726818?
2
What is the tens digit of 684511?
1
What is the ten thousands digit of 428199?
2
What is the ten thousands digit of 13670895?
7
What is the units digit of 3732926?
6
What is the ten thousands digit of 19808865?
0
What is the hundreds digit of 161984?
9
What is the millions digit of 5803105?
5
What is the hundreds digit of 31798?
7
What is the millions digit of 8316411?
8
What is the hundreds digit of 10412444?
4
What is the tens digit of 749032?
3
What is the ten thousands digit of 232838?
3
What is the hundreds digit of 12090262?
2
What is the tens digit of 9837270?
7
What is the hundred thousands digit of 740415?
7
What is the thousands digit of 347916?
7
What is the ten thousands digit of 7211195?
1
What is the millions digit of 9435838?
9
What is the hundreds digit of 17432623?
6
What is the thousands digit of 17202265?
2
What is the hundreds digit of 262385?
3
What is the units digit of 2089861?
1
What is the thousands digit of 172321?
2
What is the hundred thousands digit of 2518112?
5
What is the ten thousands digit of 397693?
9
What is the ten thousands digit of 358753?
5
What is the thousands digit of 268692?
8
What is the hundred thousands digit of 12732317?
7
What is the units digit of 187834?
4
What is the ten thousands digit of 18385833?
8
What is the hundred thousands digit of 4793288?
7
What is the units digit of 56348?
8
What is the ten thousands digit of 1085456?
8
What is the hundred thousands digit of 18116183?
1
What is the thousands digit of 2359686?
9
What is the hundreds digit of 2086285?
2
What is the hundred thousands digit of 218778?
2
What is the millions digit of 3008292?
3
What is the thousands digit of 89066?
9
What is the units digit of 38022289?
9
What is the tens digit of 253626?
2
What is the units digit of 471097?
7
What is the ten millions digit of 16586705?
1
What is the hundred thousands digit of 1428295?
4
What is the ten thousands digit of 3555231?
5
What is the ten thousands digit of 264452?
6
What is the tens digit of 16439120?
2
What is the tens digit of 3399027?
2
What is the hundreds digit of 115185?
1
What is the ten thousands digit of 166600?
6
What is the ten thousands digit of 1796580?
9
What is the tens digit of 524394?
9
What is the units digit of 14124565?
5
What is the units digit of 171805?
5
What is the hundred thousands digit of 4790726?
7
What is the tens digit of 13095687?
8
What is the units digit of 23294403?
3
What is the hundreds digit of 305372?
3
What is the ten millions digit of 14928812?
1
What is the hundreds digit of 418089?
0
What is the tens digit of 719646?
4
What is the units digit of 18565125?
5
What is the units digit of 1606598?
8
What is the thousands digit of 187330?
7
What is the thousands digit of 5885881?
5
What is the units digit of 91732?
2
What is the hundred thousands digit of 128965?
1
What is the units digit of 8308829?
9
What is the hundred thousands digit of 468424?
4
What is the hundreds digit of 223208?
2
What is the units digit of 1680583?
3
What is the tens digit of 1261172?
7
What is the thousands digit of 27077?
7
What is the tens digit of 137118?
1
What is the hundreds digit of 119071?
0
What is the ten thousands digit of 438574?
3
What is the thousands digit of 2778471?
8
What is the thousands digit of 745098?
5
What is the tens digit of 10215?
1
What is the thousands digit of 323229?
3
What is the units digit of 4284117?
7
What is the hundreds digit of 685413?
4
What is the thousands digit of 3303537?
3
What is the hundreds digit of 246036?
0
What is the hundred thousands digit of 648778?
6
What is the units digit of 172880?
0
What is the thousands digit of 1220141?
0
What is the hundred thousands digit of 231470?
2
What is the millions digit of 9940824?
9
What is the hundreds digit of 648416?
4
What is the units digit of 7501452?
2
What is the tens digit of 76461?
6
What is the ten thousands digit of 56869?
5
What is the thousands digit of 36489?
6
What is the units digit of 143161?
1
What is the thousands digit of 199357?
9
What is the hundreds digit of 904296?
2
What is the ten thousands digit of 1321609?
2
What is the millions digit of 9945491?
9
What is the ten thousands digit of 1294360?
9
What is the thousands digit of 601240?
1
What is the hundreds digit of 300142?
1
What is the tens digit of 144020?
2
What is the hundreds digit of 1716501?
5
What is the ten thousands digit of 291792?
9
What is the thousands digit of 60107?
0
What is the ten thousands digit of 110144?
1
What is the hundreds digit of 2680499?
4
What is the hundreds digit of 567992?
9
What is the ten thousands digit of 2892032?
9
What is the hundreds digit of 360724?
7
What is the ten thousands digit of 4008118?
0
What is the tens digit of 3438376?
7
What is the thousands digit of 1072611?
2
What is the ten thousands digit of 19829106?
2
What is the tens digit of 791240?
4
What is the hundred thousands digit of 427910?
4
What is the millions digit of 2594639?
2
What is the thousands digit of 11426055?
6
What is the units digit of 5183860?
0
What is the thousands digit of 506725?
6
What is the ten thousands digit of 1791433?
9
What is the tens digit of 7468446?
4
What is the ten thousands digit of 489134?
8
What is the tens digit of 2844173?
7
What is the millions digit of 8173108?
8
What is the tens digit of 3108822?
2
What is the tens digit of 10279065?
6
What is the units digit of 2397769?
9
What is the hundreds digit of 5425139?
1
What is the thousands digit of 197267?
7
What is the hundreds digit of 89976?
9
What is the hundreds digit of 209311?
3
What is the ten thousands digit of 1335159?
3
What is the hundred thousands digit of 29217630?
2
What is the hundred thousands digit of 568549?
5
What is the hundred thousands digit of 5608957?
6
What is the ten thousands digit of 7612252?
1
What is the hundreds digit of 386636?
6
What is the units digit of 1914025?
5
What is the hundreds digit of 237350?
3
What is the hundred thousands digit of 6109919?
1
What is the ten thousands digit of 1061598?
6
What is the units digit of 24382?
2
What is the ten thousands digit of 1185328?
8
What is the units digit of 141165?
5
What is the ten thousands digit of 346343?
4
What is the hundred thousands digit of 628935?
6
What is the millions digit of 5184850?
5
What is the ten thousands digit of 351003?
5
What is the tens digit of 774696?
9
What is the tens digit of 3016480?
8
What is the hundreds digit of 145530?
5
What is the ten thousands digit of 1547139?
4
What is the units digit of 497709?
9
What is the hundreds digit of 209112?
1
What is the units digit of 157748?
8
What is the units digit of 465138?
8
What is the units digit of 728736?
6
What is the ten millions digit of 19210935?
1
What is the units digit of 10747246?
6
What is the thousands digit of 404053?
4
What is the ten thousands digit of 11652739?
5
What is the hundred thousands digit of 103311?
1
What is the thousands digit of 130245?
0
What is the hundreds digit of 20172950?
9
What is the tens digit of 579245?
4
What is the thousands digit of 259631?
9
What is the hundreds digit of 142637?
6
What is the millions digit of 24512251?
4
What is the units digit of 224058?
8
What is the tens digit of 33125156?
5
What is the thousands digit of 11698741?
8
What is the thousands digit of 18890981?
0
What is the hundreds digit of 12367284?
2
What is the hundreds digit of 2149558?
5
What is the tens digit of 401925?
2
What is the hundred thousands digit of 736583?
7
What is the units digit of 508623?
3
What is the millions digit of 3620528?
3
What is the hundreds digit of 1356247?
2
What is the hundreds digit of 17299269?
2
What is the hundreds digit of 347717?
7
What is the ten thousands digit of 421778?
2
What is the hundred thousands digit of 1560067?
5
What is the thousands digit of 1419349?
9
What is the millions digit of 1632114?
1
What is the tens digit of 140259?
5
What is the units digit of 89076?
6
What is the thousands digit of 160040?
0
What is the ten thousands digit of 59485?
5
What is the te